7*j**2 + 3*j - 4. Let n be t(6). Let r = -30 + n. What is the greatest common divisor of r and f?
20
Let c be ((-480)/(-70))/(1 + (-330)/336). Calculate the greatest common factor of 3 and c.
3
Let b be 3*(1 - -2)/(-3). Let v be 2/b + (-28)/(-6). Let m(q) = -6*q - 50. Let p be m(-9). What is the greatest common divisor of v and p?
4
Suppose 3*y - 3*x - 49 = -y, 3*x = -4*y + 79. Let v = y - 5. Suppose -35 = -3*g - v. Calculate the greatest common divisor of 40 and g.
8
Let o(m) = 11*m - 218. Let h be o(43). Calculate the highest common divisor of 204 and h.
51
Suppose -2 - 10 = -3*m. Suppose -11*a + m*a + 700 = 0. Let z be (-320)/(-12)*(-6)/(-4). What is the highest common factor of z and a?
20
Suppose -600 = -4*z + 3*g - 6*g, -2*z - g = -300. Calculate the greatest common divisor of z and 30.
30
Suppose -3*y - q = -3, y + 3*q = -2*q - 13. Let c be 1/y*19*(1 + 1). Let t be (2 + 1)*133/3. What is the greatest common factor of t and c?
19
Let l(j) = j**3 - 8*j**2 + 30*j - 60. Let w be l(5). What is the highest common factor of w and 220?
5
Let m = -81 + 88. Suppose -v - 180 = -m*v. What is the greatest common factor of 150 and v?
30
Suppose 3*p + 1223 = 5*v - 4*v, -2443 = -2*v + 3*p. What is the highest common factor of 20 and v?
20
Let m = 1 - 0. Let x = -97 + 125. Suppose 20 = 32*u - x*u. Calculate the highest common divisor of u and m.
1
Let j = -139 + 140. Let d be ((-90)/21)/(j/(-21)). Calculate the highest common factor of 54 and d.
18
Let p be ((1 + 5)*-1)/(3/(-4)). Calculate the greatest common factor of p and 1.
1
Suppose t - 10 = -t. Suppose t*h - 76 = -n, -h - h - 5*n = -35. What is the greatest common divisor of 6 and h?
3
Let l = 327 + -83. Suppose -259 = -5*i - l. Let k(y) = 6*y**2 + 2*y - 1. Let t be k(2). What is the greatest common divisor of t and i?
3
Let d be (-14)/2*(-11)/((-1232)/(-1104)). What is the highest common factor of 1725 and d?
69
Let f = -1036 + 1080. Calculate the greatest common divisor of f and 3872.
44
Let o = 5739 - 3436. Calculate the greatest common divisor of o and 98.
49
Let t be 70/(-3)*(-76 - -70). What is the greatest common divisor of t and 16?
4
Let x = 2135 - 2109. What is the highest common factor of x and 598?
26
Suppose -3*m + 9 = 0, -49*x + 48*x - 2*m = -118. Calculate the highest common divisor of 420 and x.
28
Let f = -691 + 714. Calculate the highest common factor of 299 and f.
23
Suppose -3*x - 3*s - 39 = 0, x - 2*s + 13 = -0*x. Let q be (6344/(-24))/x - (-2)/(-6). Calculate the highest common factor of 12 and q.
4
Suppose -6*z - 4*w = -44, 6*w - w - 33 = -2*z. What is the highest common divisor of z and 12?
4
Suppose g = -2*p + 64 - 27, 169 = 5*g + 2*p. What is the greatest common divisor of 473 and g?
11
Suppose -6*s = s - 56. Let u = -17 + 23. Suppose -u*a = -3*a - 96. What is the greatest common divisor of s and a?
8
Suppose -5*x = -2*x - 3. Suppose 18*c + 6*w = 14*c + 16, -2*c + 4*w + 22 = 0. Calculate the highest common divisor of x and c.
1
Let s = 210 - 126. Let n be (-3 - -2)*(2 + 6). Let c be (-4)/(1 + n/6). Calculate the highest common divisor of c and s.
12
Suppose 3*n + 3 = 4*j, -3 = 4*n - n. Suppose -3*o + j + 12 = 0. Let t be 4/(-8) - (-34)/o. Calculate the greatest common factor of t and 24.
8
Suppose -1472 = -45*x + 283. Let h be 4 - (0 + (1 - 0)). What is the greatest common divisor of h and x?
3
Let p be (-105)/6*5/((-25)/(-28)). Let r = -44 - p. What is the highest common factor of 6 and r?
6
Let o be (-7)/35 - (-5324)/20. Calculate the highest common divisor of o and 2.
2
Suppose 5*f - 7*f + 56 = 5*x, 0 = -4*f - 2*x + 112. Calculate the greatest common factor of f and 7.
7
Let p = -41 - -40. Let x be -17 + 22 - (-17 - p). What is the highest common factor of 84 and x?
21
Suppose -i - 2*j + 18 = 0, 0 = 2*i - i - 4*j - 36. Let g be -1*(1 + 0)*-6. Let v be (2 + g)/((-4)/(-6)). Calculate the greatest common factor of v and i.
12
Suppose -3*d - 9 = -0. Let i = d - -9. What is the greatest common factor of 6 and i?
6
Let n(q) = q**2 + 11*q - 11. Let y be n(-14). Let w = y - 26. Suppose 5*l - 275 = -5*b, w*l - 65 = 4*l - 3*b. Calculate the highest common divisor of 20 and l.
10
Let x(m) = m**3 - m**2 + 2*m - 6. Let b be x(3). Calculate the highest common divisor of 90 and b.
18
Let x = -10 + 24. Let j(z) be the first derivative of 5*z**2 + 6*z + 1. Let n be j(5). What is the greatest common factor of n and x?
14
Let z(p) = 5*p**3 + 19*p**2 - 2*p. Let y be z(-3). What is the greatest common factor of 1302 and y?
42
Let n be 5/(-4 + 1 - -8). What is the highest common divisor of n and 14?
1
Let k = 16 - 13. Suppose -k*y = 2*y - 15. Let t be 1/((-2)/(-32)) - y. Calculate the greatest common factor of 91 and t.
13
Suppose -666 = -14*q + 8*q. Let y be (q/(-3) - 1)/(-2). What is the highest common factor of y and 171?
19
Suppose 87*c - 4455 = 78*c. Calculate the highest common divisor of c and 135.
45
Let d(c) = c**2 - c - 16. Let p be d(6). Suppose 0 = p*g - 9*g - 60. Calculate the greatest common divisor of g and 18.
6
Let f(h) = -15*h - 288. Let n be f(-22). Let m be 1/(-4) - 340/(-16). What is the highest common divisor of m and n?
21
Let y = -120 + 168. Suppose -2*o = 5*k - 27, o + 4*k - 1 - 11 = 0. Calculate the greatest common divisor of y and o.
16
Let m be 2/(-3) + 77/21. Let j = 2 - 1. Let r = m - j. What is the greatest common divisor of 4 and r?
2
Let g be -2 - -4 - (-314)/(-1). Let q be ((-9)/6)/(18/g). Calculate the highest common factor of 39 and q.
13
Let s = 21 - 12. Let d(o) = o**3 + 2*o**2 - 4*o - 5. Let l be ((-2 + -2)/(-12))/((-3)/18). Let n be d(l). Calculate the highest common divisor of s and n.
3
Let l = 13 + -13. Let a(y) = 0*y - 5*y + l*y + 3. Let b be a(-4). Calculate the highest common divisor of 253 and b.
23
Let q(l) = 2*l - 5. Let j be q(5). Let g(t) = 2*t - 7. Let x be g(j). Suppose 0*d + 48 = x*d. Calculate the highest common factor of d and 8.
8
Let i(t) = 4*t**2 + 6*t - 3. Let c be i(5). Suppose 3*y = c + 8. Suppose -d - 10 = -28. What is the highest common factor of d and y?
9
Let f be (3/2)/((-3)/16). Let q be (0 - (-3 + -1))/(10 + f). Suppose 5*h = 3*h + 2. Calculate the greatest common divisor of q and h.
1
Let y be 1*8/1 + -4. Calculate the greatest common factor of 244 and y.
4
Suppose b = 6*b - 15. Suppose -b*o - 3 = -15. Suppose 0*f + o = f - 4*n, -3*f + 5*n + 26 = 0. What is the greatest common divisor of 6 and f?
6
Let h(t) = -23*t - 1. Let i be h(-2). Let k = 34 + 26. Calculate the highest common divisor of i and k.
15
Let t be 148/5 - 22/(-55). Let y(v) = v**3 - v**2 + 75. Let z be y(0). Calculate the greatest common divisor of z and t.
15
Suppose -20*k + 23*k = 210. What is the greatest common divisor of 1610 and k?
70
Let d(t) = t**3 - 10*t**2 + t + 9. Let i be d(10). Let u = 191 + -115. What is the greatest common factor of u and i?
19
Let a be 3/(88/77 + -1). Let h be 145 - -2*(-2)/(-2). Calculate the greatest common divisor of h and a.
21
Suppose 3*w + 38 - 134 = 4*v, w - 2*v = 32. Calculate the highest common divisor of w and 528.
16
Let n(m) = 25*m**2 - 3*m - 2. Let t be n(1). Calculate the greatest common factor of 700 and t.
20
Let a(y) = -y**3 - 12*y**2 - 16*y - 15. Let h be a(-10). Let q = h + 88. Let g be -2*3*(-1)/2. Calculate the highest common divisor of g and q.
3
Suppose -5*h + 2*h - 18 = 0. Let z be 69/21 - h/(-21). Suppose -2*g - 5*i = z*g - 95, 3 = i. Calculate the greatest common divisor of g and 144.
16
Let a be 5854/26 - 146/949. Let p = -16 + 41. Calculate the greatest common divisor of a and p.
25
Suppose -3*j = -11 + 5. Suppose -4*n = w - 362, 3*w = -n + j*w + 92. Calculate the highest common factor of n and 10.
10
Suppose -2*x + 59 - 49 = 0. Suppose -x*j = -4*h + 307, -4*j = 6*h - h - 394. Calculate the highest common factor of 52 and h.
26
Suppose 2*c - 34 = 38. Suppose -3*o + 5 = -10, -4*o = 2*y - 28. Suppose -3*j = y - 31. Calculate the highest common divisor of c and j.
9
Suppose 565 + 1865 = 30*n. Let z(w) = w**2 - 3*w - 1. Let s be z(-2). What is the highest common factor of n and s?
9
Suppose 18 = -5*c + 78. Let k be (-8)/(-36) + (-34)/(-9). Suppose 0 = 4*s + 5*q - 116, -68 = 2*s - k*s - 5*q. Calculate the highest common divisor of s and c.
12
Let u be 4/6 + ((-111)/(-9) - 4). What is the greatest 